lse
Is 15357677 prime?
True
Is 177855023 a composite number?
False
Is 997057 a prime number?
True
Is 17446817 composite?
False
Is 487861 a composite number?
True
Is 2620073 prime?
True
Is 296293883 a prime number?
False
Is 114526353 composite?
True
Is 3869909 composite?
True
Is 999269 a composite number?
False
Is 297444071 a prime number?
True
Is 281597137 a composite number?
False
Is 24977081 composite?
False
Is 26128597 composite?
True
Is 52876237 composite?
False
Is 13630663 a composite number?
False
Is 11318171 composite?
False
Is 18164413 prime?
True
Is 15204097 a prime number?
False
Is 95450503 composite?
True
Is 2254927 a prime number?
True
Is 12194873 a composite number?
True
Is 11751185 composite?
True
Is 21894563 a prime number?
True
Is 7765601 composite?
True
Is 12143 a composite number?
False
Is 19533377 prime?
True
Is 12887213 a prime number?
True
Is 148821457 a prime number?
True
Is 6256589 a composite number?
True
Is 51767785 a prime number?
False
Is 113011643 prime?
True
Is 446940599 a prime number?
False
Is 1414301339 composite?
True
Is 12260746 prime?
False
Is 19774913 prime?
True
Is 14874269 composite?
True
Is 1427971 a composite number?
True
Is 28993561 prime?
False
Is 17794607 composite?
True
Is 29893741 composite?
True
Is 10026077 a prime number?
True
Is 30386783 composite?
True
Is 17567809 composite?
True
Is 14990231 a composite number?
False
Is 1207836937 composite?
False
Is 37072457 composite?
False
Is 376030087 a composite number?
False
Is 5279699 a prime number?
False
Is 297421 composite?
False
Is 4886461 a composite number?
False
Is 4121457 a prime number?
False
Is 212320657 prime?
True
Is 12521789 a prime number?
False
Is 16063339 a composite number?
True
Is 44585215 a prime number?
False
Is 383213309 a composite number?
False
Is 7742503 prime?
False
Is 191624749 prime?
False
Is 4461753 a composite number?
True
Is 388473253 composite?
True
Is 1152685409 prime?
True
Is 240324743 a prime number?
True
Is 1313141 a composite number?
False
Is 322398029 a composite number?
False
Is 76108759 composite?
True
Is 10063303 a prime number?
False
Is 66281 a prime number?
False
Is 6250535 a composite number?
True
Is 53029293 a prime number?
False
Is 11687705 a composite number?
True
Is 14666831 composite?
True
Is 4909577 prime?
True
Is 75535414 prime?
False
Is 489043 a composite number?
False
Is 17703793 prime?
True
Is 1079566 composite?
True
Is 291811 a composite number?
True
Is 15653261 a composite number?
True
Is 382247 composite?
True
Is 605443 a prime number?
True
Is 56777371 a prime number?
False
Is 87519251 a prime number?
True
Is 3842303 a composite number?
False
Is 2786947 a prime number?
True
Is 2898359 prime?
True
Is 19114639 a prime number?
True
Is 1164310687 composite?
False
Is 58302499 a prime number?
False
Is 7524701 composite?
False
Is 8902799 a composite number?
False
Is 206436415 a composite number?
True
Is 91466041 a prime number?
True
Is 1878339 a prime number?
False
Is 19065191 a composite number?
True
Is 247870691 a composite number?
False
Is 177280603 prime?
False
Is 3879961 prime?
False
Is 416593 a prime number?
True
Is 13669 a composite number?
False
Is 724687339 prime?
False
Is 105221141 a composite number?
False
Is 12024863 composite?
False
Is 17167877 composite?
False
Is 6521 a composite number?
False
Is 208465613 a composite number?
True
Is 7881729 a composite number?
True
Is 252085481 composite?
False
Is 14899229 a composite number?
False
Is 11655269 a composite number?
False
Is 828169 prime?
True
Is 13792043 a composite number?
True
Is 7741703 a composite number?
False
Is 345227203 a prime number?
True
Is 11071943 a composite number?
False
Is 45785657 a prime number?
False
Is 3157807 a composite number?
False
Is 12368009 composite?
False
Is 29826829 a prime number?
True
Is 69579157 a composite number?
True
Is 354619 prime?
True
Is 204514013 composite?
True
Is 39731639 a prime number?
True
Is 96041 composite?
True
Is 6536461 prime?
True
Is 163213 composite?
True
Is 19214441 a prime number?
True
Is 250489 a prime number?
True
Is 3163909 a prime number?
False
Is 2387131 a composite number?
True
Is 870707 prime?
False
Is 1041463 a composite number?
True
Is 518579 composite?
False
Is 8788181 a composite number?
False
Is 1842241 prime?
False
Is 356302217 composite?
False
Is 21401 a prime number?
True
Is 362069593 a composite number?
False
Is 2788661 composite?
False
Is 52738001 prime?
True
Is 2601757 a composite number?
False
Is 2491949 a prime number?
True
Is 61417283 a composite number?
False
Is 43315639 composite?
True
Is 4744277 a prime number?
True
Is 9274319 composite?
False
Is 17178146 a composite number?
True
Is 18063761 composite?
False
Is 2113987 a composite number?
False
Is 16774039 prime?
False
Is 79877 prime?
False
Is 1332455 prime?
False
Is 2255623 a composite number?
True
Is 27578186 a composite number?
True
Is 5990707 composite?
True
Is 4203421 a prime number?
True
Is 16576058 a prime number?
False
Is 7043111 a composite number?
True
Is 36811543 a composite number?
False
Is 2118217 a prime number?
False
Is 24272461 a prime number?
True
Is 53064683 a composite number?
True
Is 26150053 composite?
False
Is 1307213 prime?
False
Is 71742767 a prime number?
True
Is 27364429 a prime number?
False
Is 3961927 a prime number?
False
Is 7293353 prime?
True
Is 18311017 a composite number?
True
Is 822154535 a prime number?
False
Is 17375401 prime?
True
Is 1022111074 a composite number?
True
Is 151545509 a composite number?
True
Is 50816837 a prime number?
False
Is 94964963 a prime number?
True
Is 4289059 a prime number?
False
Is 807571 a composite number?
False
Is 17198799 a composite number?
True
Is 22997959 prime?
False
Is 9798259 composite?
True
Is 185795 prime?
False
Is 1123391 a composite number?
False
Is 140223035 prime?
False
Is 13368247 a prime number?
True
Is 48096889 composite?
False
Is 45081359 prime?
False
Is 2178659 prime?
False
Is 275813957 a prime number?
True
Is 4290677 a composite number?
True
Is 46267379 a composite number?
False
Is 11811697 composite?
False
Is 281547229 a composite number?
True
Is 16076119 a composite number?
True
Is 3642397 a prime number?
False
Is 1079020949 a prime number?
True
Is 26970529 a composite number?
False
Is 10575901 a composite number?
True
Is 38157731 prime?
True
Is 9236991 prime?
False
Is 2540743 a prime number?
True
Is 423667 composite?
False
Is 261091213 a prime number?
False
Is 3334271 a prime number?
True
Is 360721 composite?
True
Is 53666959 a composite number?
False
Is 1642603 a composite number?
True
Is 27346499 a prime number?
True
Is 45260151 prime?
False
Is 525948317 a prime number?
True
Is 104605337 composite?
True
Is 2463029 a composite number?
False
Is 30009443 a prime number?
True
Is 33727273 a composite number?
False
Is 30763417 prime?
True
Is 11335411 prime?
False
Is 85777943 a composite number?
False
Is 89156081 a prime number?
False
Is 3819193 a prime number?
False
Is 18129977 composite?
False
Is 70287223 a composite number?
False
Is 12016619 a prime number?
True
Is 5531599 prime?
True
Is 28437271 composite?
False
Is 32092537 prime?
True
Is 34821487 a composite number?
False
Is 37734997 composite?
False
Is 65398469 prime?
True
Is 184013351 a composite number?
False
Is 8959613 a prime number?
False
Is 39448351 a prime number?
False
Is 166172222 prime?
False
Is 9600603 a composite number?
True
Is 251958214 composite?
True
Is 179725753 prime?
False
Is 4793645 a prime number?
False
Is 104996303 composite?
True
Is 1319951 prime?
True
Is 243121909 prime?
False
Is 172709 prime?
True
Is 292865591 prime?
True
Is 93700231 a prime number?
True
Is 823309 composite?
False
Is 349969 prime?
False
Is 1116205 a composite number?
True
Is 2640799 a composite number?
True
Is 69705149 a composite number?
False
Is 7807991 a composite number?
False
Is 3265331 prime?
True
Is 9484355 a composite number?
True
Is 80076881 a prime number?
True
Is 36690397 prime?
True
Is 51297553 a prime number?
False
Is 760159 prime?
False
Is 10729447 composite?
True
Is 173237 composite?
True
Is 8917247 composite?
False
Is 2734253 a composite number?
False
Is 3611827 composite?
False
Is 5855309 a composite number?
False
Is 129357763 a composite number?
False
Is 5937067 a c